 factor of 510 and 4420?
170
What is the greatest common factor of 76 and 16?
4
What is the highest common divisor of 299 and 115?
23
Calculate the greatest common divisor of 33 and 24.
3
Calculate the highest common divisor of 8579 and 23.
23
Calculate the greatest common divisor of 85 and 1088.
17
What is the highest common divisor of 1035 and 2295?
45
What is the greatest common factor of 224 and 182?
14
What is the greatest common factor of 60 and 4380?
60
Calculate the greatest common factor of 6 and 186.
6
What is the highest common divisor of 2656 and 32?
32
What is the highest common divisor of 138 and 1702?
46
Calculate the greatest common factor of 450 and 375.
75
Calculate the highest common factor of 79 and 7426.
79
Calculate the highest common factor of 154 and 56.
14
What is the highest common divisor of 351 and 81?
27
What is the highest common factor of 55528 and 44?
44
What is the highest common factor of 9 and 277?
1
Calculate the greatest common factor of 638 and 522.
58
What is the greatest common divisor of 2600 and 286?
26
What is the highest common factor of 140 and 175?
35
Calculate the highest common factor of 957 and 528.
33
Calculate the highest common divisor of 10 and 830.
10
What is the greatest common divisor of 6 and 606?
6
What is the highest common divisor of 15020 and 20?
20
What is the highest common divisor of 52 and 182?
26
What is the highest common factor of 18 and 6?
6
What is the highest common divisor of 58 and 1363?
29
What is the greatest common divisor of 20 and 116?
4
Calculate the greatest common factor of 200 and 125.
25
Calculate the highest common divisor of 32 and 1.
1
What is the greatest common divisor of 123 and 3?
3
Calculate the greatest common factor of 273 and 78.
39
What is the greatest common factor of 40 and 6590?
10
What is the highest common divisor of 28 and 1652?
28
What is the greatest common divisor of 39 and 351?
39
Calculate the highest common divisor of 969 and 8151.
57
What is the greatest common factor of 54 and 6912?
54
What is the highest common factor of 68 and 510?
34
What is the highest common factor of 676 and 494?
26
Calculate the greatest common factor of 8 and 2528.
8
Calculate the highest common divisor of 315 and 12390.
105
Calculate the highest common divisor of 192 and 72.
24
What is the highest common divisor of 21 and 728?
7
Calculate the highest common factor of 546 and 42.
42
Calculate the greatest common divisor of 16287 and 732.
183
What is the highest common factor of 460 and 1012?
92
Calculate the greatest common divisor of 1027 and 2133.
79
Calculate the greatest common factor of 1378 and 65.
13
Calculate the greatest common divisor of 99 and 2187.
9
Calculate the greatest common factor of 676 and 468.
52
What is the highest common factor of 203 and 35?
7
What is the greatest common divisor of 24 and 3152?
8
Calculate the greatest common divisor of 764 and 4.
4
Calculate the greatest common divisor of 85 and 60.
5
What is the highest common factor of 38 and 133?
19
Calculate the highest common divisor of 12 and 1356.
12
Calculate the highest common divisor of 88 and 12364.
44
What is the greatest common factor of 1 and 126?
1
What is the greatest common factor of 2496 and 156?
156
What is the greatest common factor of 3815 and 35?
35
What is the highest common factor of 37 and 851?
37
What is the greatest common divisor of 28 and 532?
28
Calculate the greatest common divisor of 27 and 81.
27
Calculate the greatest common factor of 1 and 8.
1
Calculate the highest common factor of 3828 and 132.
132
What is the highest common factor of 10 and 20120?
10
Calculate the greatest common factor of 259 and 74.
37
Calculate the greatest common divisor of 648 and 1377.
81
What is the greatest common factor of 583 and 55?
11
What is the greatest common divisor of 3676 and 4?
4
Calculate the highest common divisor of 456 and 216.
24
What is the highest common factor of 48 and 2436?
12
What is the highest common factor of 630 and 180?
90
What is the highest common factor of 3844 and 4?
4
Calculate the greatest common factor of 128 and 640.
128
Calculate the highest common factor of 1411 and 629.
17
What is the highest common factor of 360 and 5016?
24
What is the greatest common factor of 1809 and 10452?
201
What is the highest common divisor of 96 and 12?
12
What is the highest common factor of 7665 and 35?
35
What is the highest common divisor of 26 and 11869?
13
Calculate the greatest common divisor of 350 and 200.
50
Calculate the highest common factor of 4175 and 167.
167
What is the greatest common factor of 4 and 3?
1
What is the greatest common factor of 2 and 158?
2
Calculate the greatest common divisor of 4401 and 27.
27
What is the greatest common factor of 390 and 270?
30
Calculate the highest common divisor of 832 and 448.
64
Calculate the highest common divisor of 112 and 147.
7
What is the greatest common factor of 37 and 851?
37
Calculate the greatest common divisor of 1176 and 168.
168
Calculate the highest common divisor of 3234 and 2058.
294
What is the highest common divisor of 39 and 663?
39
Calculate the highest common factor of 5232 and 80.
16
Calculate the highest common divisor of 99 and 2937.
33
What is the highest common factor of 1083 and 1425?
57
What is the greatest common factor of 105 and 2555?
35
What is the greatest common divisor of 2422 and 2?
2
What is the greatest common factor of 60 and 1860?
60
Calculate the highest common factor of 35 and 3605.
35
Calculate the greatest common factor of 20 and 300.
20
Calculate the highest common factor of 60 and 17904.
12
What is the greatest common divisor of 17 and 17?
17
What is the greatest common factor of 16 and 1936?
16
Calculate the highest common factor of 164 and 205.
41
Calculate the highest common divisor of 552 and 4.
4
What is the greatest common factor of 9184 and 42?
14
What is the highest common factor of 384 and 12?
12
What is the highest common divisor of 37 and 36149?
37
Calculate the greatest common divisor of 4 and 9148.
4
Calculate the greatest common divisor of 26 and 25727.
13
Calculate the greatest common divisor of 485 and 582.
97
What is the greatest common factor of 4 and 64?
4
What is the greatest common factor of 21 and 1512?
21
Calculate the highest common divisor of 4009 and 5486.
211
Calculate the greatest common divisor of 4829 and 88.
11
What is the highest common divisor of 54 and 36?
18
What is the greatest common factor of 22 and 231?
11
What is the greatest common factor of 1057 and 3775?
151
What is the highest common factor of 3885 and 15?
15
Calculate the greatest common divisor of 58 and 20.
2
Calculate the highest common factor of 348 and 6844.
116
What is the highest common factor of 27 and 3789?
9
Calculate the highest common factor of 711 and 36.
9
Calculate the highest common factor of 15624 and 42.
42
Calculate the greatest common factor of 275 and 140.
5
What is the greatest common divisor of 12 and 213?
3
Calculate the greatest common divisor of 4700 and 40.
20
Calculate the greatest common factor of 110 and 132.
22
What is the highest common factor of 1672 and 532?
76
Calculate the highest common divisor of 542 and 10.
2
Calculate the highest common factor of 73 and 584.
73
What is the highest common factor of 3255 and 186?
93
What is the highest common factor of 4 and 512?
4
What is the highest common factor of 3266 and 184?
46
What is the highest common divisor of 567 and 1113?
21
What is the highest common divisor of 20 and 925?
5
Calculate the greatest common factor of 3170 and 6.
2
Calculate the greatest common divisor of 612 and 153.
153
What is the highest common factor of 410 and 60?
10
What is the highest common factor of 754 and 117?
13
What is the highest common factor of 14 and 1183?
7
Calculate the highest common factor of 48 and 6828.
12
What is the highest common divisor of 98 and 28?
14
What is the highest common factor of 8 and 128?
8
Calculate the highest common divisor of 12512 and 56.
8
What is the highest common factor of 25 and 145?
5
What is the highest common factor of 459 and 81?
27
Calculate the highest common factor of 171 and 15.
3
What is the greatest common divisor of 245 and 98?
49
Calculate the highes